{"id":5582,"date":"2022-08-05T08:06:32","date_gmt":"2022-08-05T07:06:32","guid":{"rendered":"http:\/\/dplb-rando.fr\/?page_id=5582"},"modified":"2022-08-08T18:39:01","modified_gmt":"2022-08-08T17:39:01","slug":"documents-internes","status":"publish","type":"page","link":"https:\/\/dplb-rando.fr\/index.php\/documents-internes\/","title":{"rendered":"Documents Internes"},"content":{"rendered":"<h2 style=\"text-align: center;\"><span style=\"color: #ff0000;\">Documents en lecture libre mais r\u00e9serv\u00e9s aux Animateurs, Baliseurs et Autres Adh\u00e9rents de la DPLB : <\/span><\/h2>\n<h2 style=\"text-align: center;\"><span style=\"color: #ff0000;\">D\u00e9couverte P\u00e9destre Lavandou Bormes<\/span><\/h2>\n\n\n<p><\/p>\n","protected":false},"excerpt":{"rendered":"<p>Documents en lecture libre mais r\u00e9serv\u00e9s aux Animateurs, Baliseurs et Autres Adh\u00e9rents de la DPLB : D\u00e9couverte P\u00e9destre Lavandou Bormes<\/p>\n<p> <a class=\"continue-reading-link\" href=\"https:\/\/dplb-rando.fr\/index.php\/documents-internes\/\"><span>Continue reading<\/span><i class=\"icon-right-dir\"><\/i><\/a><\/p>\n","protected":false},"author":5,"featured_media":0,"parent":0,"menu_order":0,"comment_status":"closed","ping_status":"closed","template":"","meta":[],"_links":{"self":[{"href":"https:\/\/dplb-rando.fr\/index.php\/wp-json\/wp\/v2\/pages\/5582"}],"collection":[{"href":"https:\/\/dplb-rando.fr\/index.php\/wp-json\/wp\/v2\/pages"}],"about":[{"href":"https:\/\/dplb-rando.fr\/index.php\/wp-json\/wp\/v2\/types\/page"}],"author":[{"embeddable":true,"href":"https:\/\/dplb-rando.fr\/index.php\/wp-json\/wp\/v2\/users\/5"}],"replies":[{"embeddable":true,"href":"https:\/\/dplb-rando.fr\/index.php\/wp-json\/wp\/v2\/comments?post=5582"}],"version-history":[{"count":5,"href":"https:\/\/dplb-rando.fr\/index.php\/wp-json\/wp\/v2\/pages\/5582\/revisions"}],"predecessor-version":[{"id":5639,"href":"https:\/\/dplb-rando.fr\/index.php\/wp-json\/wp\/v2\/pages\/5582\/revisions\/5639"}],"wp:attachment":[{"href":"https:\/\/dplb-rando.fr\/index.php\/wp-json\/wp\/v2\/media?parent=5582"}],"curies":[{"name":"wp","href":"https:\/\/api.w.org\/{rel}","templated":true}]}}