{"id":5481,"date":"2022-08-01T12:08:21","date_gmt":"2022-08-01T11:08:21","guid":{"rendered":"http:\/\/dplb-rando.fr\/?page_id=5481"},"modified":"2026-03-03T09:39:48","modified_gmt":"2026-03-03T08:39:48","slug":"note-de-frais","status":"publish","type":"page","link":"https:\/\/dplb-rando.fr\/index.php\/note-de-frais\/","title":{"rendered":"Note de Frais"},"content":{"rendered":"\n<p><\/p>\n\n\n\n<p><\/p>\n\n\n<h2><span style=\"color: #339966;\"><span style=\"color: #333333;\">=&gt;<\/span> Mod\u00e8le 2026 <a href=\"http:\/\/dplb-rando.fr\/wp-content\/uploads\/2026\/03\/Note-de-Frais-2026.pdf\">(<span style=\"color: #ff0000;\"><span style=\"color: #ff6600;\">ici<\/span><\/span><\/a> version Pdf) <a href=\"http:\/\/dplb-rando.fr\/wp-content\/uploads\/2026\/03\/Note-de-Frais-2026.jpeg\">(<span style=\"color: #993300;\">ici<\/span><\/a> version photo) \u00e0 \u00e9diter et \u00e0 transmettre \u00e0 l&#8217;association DPLB<\/span><\/h2>\n<p>\u00a0<\/p>\n\n\n<p><\/p>\n\n\n\n<p class=\"has-text-color has-large-font-size\" style=\"color:#2a85ab\"><\/p>\n","protected":false},"excerpt":{"rendered":"<p>=&gt; Mod\u00e8le 2026 (ici version Pdf) (ici version photo) \u00e0 \u00e9diter et \u00e0 transmettre \u00e0 l&#8217;association DPLB \u00a0<\/p>\n<p> <a class=\"continue-reading-link\" href=\"https:\/\/dplb-rando.fr\/index.php\/note-de-frais\/\"><span>Continue reading<\/span><i class=\"icon-right-dir\"><\/i><\/a><\/p>\n","protected":false},"author":5,"featured_media":0,"parent":0,"menu_order":0,"comment_status":"closed","ping_status":"closed","template":"","meta":[],"_links":{"self":[{"href":"https:\/\/dplb-rando.fr\/index.php\/wp-json\/wp\/v2\/pages\/5481"}],"collection":[{"href":"https:\/\/dplb-rando.fr\/index.php\/wp-json\/wp\/v2\/pages"}],"about":[{"href":"https:\/\/dplb-rando.fr\/index.php\/wp-json\/wp\/v2\/types\/page"}],"author":[{"embeddable":true,"href":"https:\/\/dplb-rando.fr\/index.php\/wp-json\/wp\/v2\/users\/5"}],"replies":[{"embeddable":true,"href":"https:\/\/dplb-rando.fr\/index.php\/wp-json\/wp\/v2\/comments?post=5481"}],"version-history":[{"count":13,"href":"https:\/\/dplb-rando.fr\/index.php\/wp-json\/wp\/v2\/pages\/5481\/revisions"}],"predecessor-version":[{"id":9680,"href":"https:\/\/dplb-rando.fr\/index.php\/wp-json\/wp\/v2\/pages\/5481\/revisions\/9680"}],"wp:attachment":[{"href":"https:\/\/dplb-rando.fr\/index.php\/wp-json\/wp\/v2\/media?parent=5481"}],"curies":[{"name":"wp","href":"https:\/\/api.w.org\/{rel}","templated":true}]}}