{"id":163,"date":"2015-11-28T17:14:29","date_gmt":"2015-11-28T17:14:29","guid":{"rendered":"http:\/\/alain.votre-commerce.fr\/?page_id=161"},"modified":"2024-12-12T15:31:58","modified_gmt":"2024-12-12T14:31:58","slug":"manifestations-associatives","status":"publish","type":"page","link":"https:\/\/dplb-rando.fr\/index.php\/manifestations-associatives\/","title":{"rendered":"Manifestations Associatives"},"content":{"rendered":"<h2 style=\"text-align: center;\"><span style=\"color: #ff9900;\"><em>Vous trouverez sous cet \u201cOnglet\u201d divers instants de la vie de notre association que ce soit au profit de nos villes partenaires (Concours, etc..) ou au profit d&#8217;autres Associations (T\u00e9l\u00e9thon, etc..).\u00a0<\/em><\/span><\/h2>\n<h2><span style=\"color: #3366ff;\"><em>30 Novembre 2024 : T\u00e9l\u00e9thon &#8211; Bormes les Mimosas<\/em><\/span><\/h2>\n<h3><a href=\"http:\/\/dplb-rando.fr\/wp-content\/uploads\/2024\/10\/2024-Telethon-Affiche--scaled.jpg\"><img decoding=\"async\" loading=\"lazy\" class=\"\" src=\"http:\/\/dplb-rando.fr\/wp-content\/uploads\/2024\/10\/2024-Telethon-Affiche--scaled.jpg\" width=\"70\" height=\"94\" \/><\/a>\u00a0 <span style=\"color: #339966;\">Outre la tenue d&#8217;un stand, la DPLB a organis\u00e9 une rando digestive<\/span><span style=\"color: #339966;\">\u00a0 <a href=\"http:\/\/dplb-rando.fr\/wp-content\/uploads\/2024\/10\/2024-Telethon-Flyer.jpg\"><img decoding=\"async\" loading=\"lazy\" class=\"\" src=\"http:\/\/dplb-rando.fr\/wp-content\/uploads\/2024\/10\/2024-Telethon-Flyer.jpg\" width=\"67\" height=\"94\" \/><\/a><\/span><\/h3>\n<h2 style=\"text-align: left;\">Montant de la collecte remis \u00e0 la ville de Bormes : <span style=\"color: #ff0000;\">600 \u20acuros<\/span><\/h2>\n<h2><span style=\"color: #3366ff;\"><em>31 Octobre 2024 : F\u00eate des Lutins &#8211; Le Lavandou<\/em><\/span><\/h2>\n<h3><a href=\"http:\/\/dplb-rando.fr\/wp-content\/uploads\/2024\/09\/2024-epoubventail-photo.jpg\"><img decoding=\"async\" loading=\"lazy\" class=\"\" src=\"http:\/\/dplb-rando.fr\/wp-content\/uploads\/2024\/09\/2024-epoubventail-photo.jpg\" width=\"62\" height=\"91\" \/><\/a>\u00a0<a href=\"http:\/\/dplb-rando.fr\/wp-content\/uploads\/2024\/10\/2024-Photo-Charlot.jpg\"><img decoding=\"async\" loading=\"lazy\" class=\"\" src=\"http:\/\/dplb-rando.fr\/wp-content\/uploads\/2024\/10\/2024-Photo-Charlot.jpg\" width=\"64\" height=\"91\" \/><\/a> \u00a0<em><span style=\"color: #339966;\">Charlot et mot de remerciement de M. Gil Bernardi <a href=\"http:\/\/dplb-rando.fr\/wp-content\/uploads\/2024\/10\/2024-Mot-Charlot.jpg\"><img decoding=\"async\" loading=\"lazy\" class=\"\" src=\"http:\/\/dplb-rando.fr\/wp-content\/uploads\/2024\/10\/2024-Mot-Charlot.jpg\" width=\"116\" height=\"83\" \/><\/a><\/span><\/em><\/h3>\n<h2><span style=\"color: #3366ff;\"><em>9 D\u00e9cembre 2023 : <a href=\"https:\/\/photos.app.goo.gl\/fc53WPZXvVt44Qii8\">Stand et Rando du t\u00e9l\u00e9thon<\/a> &#8211; Le Lavandou<\/em><\/span><\/h2>\n<h2><span style=\"color: #ff6600;\"><span style=\"color: #ff0000;\">715 \u20acuros collect\u00e9s par la DPLB<\/span> sur un total de 5.421 \u20acuros remis par la ville du Lavandou \u00e0 l&#8217;AFM<\/span><\/h2>\n<h2><span style=\"color: #3366ff;\"><em>31 Octobre 2023 : F\u00eate des Lutins et son concours d&#8217;\u00e9pouvantails &#8211; le Lavandou<\/em><\/span><\/h2>\n<h3><a href=\"http:\/\/dplb-rando.fr\/wp-content\/uploads\/2023\/11\/2023-Basille-1-079.jpg\"><img decoding=\"async\" loading=\"lazy\" class=\"\" src=\"http:\/\/dplb-rando.fr\/wp-content\/uploads\/2023\/11\/2023-Basille-1-079.jpg\" width=\"80\" height=\"113\" \/><\/a>\u00a0 \u00a0<span style=\"color: #339966;\"><em><span style=\"color: #339966;\">voici Basile et le courrier de remerciement\u00a0de\u00a0 M. le maire\u00a0 <a href=\"http:\/\/dplb-rando.fr\/wp-content\/uploads\/2023\/11\/2023-Basille-2-080-scaled.jpg\"><img decoding=\"async\" loading=\"lazy\" class=\"\" src=\"http:\/\/dplb-rando.fr\/wp-content\/uploads\/2023\/11\/2023-Basille-2-080-scaled.jpg\" width=\"80\" height=\"110\" \/><\/a><\/span><\/em><\/span><\/h3>\n<h2><a href=\"https:\/\/photos.app.goo.gl\/9d5LdW9YBfEu3Kyt6\"><em>3 D\u00e9cembre 2022 : Rando du T\u00e9l\u00e9thon \u2013 Bormisport \u2013 Bormes les Mimosas<\/em><\/a><\/h2>\n<h2><em><a href=\"https:\/\/photos.app.goo.gl\/PXwAz379PnpU48Uv9\">11-12 F\u00e9vrier 2022 : Visite des randonneurs d\u2019Annemasse \u2013 Bormes les Mimosas<\/a><\/em><\/h2>\n<h2><em><a href=\"https:\/\/photos.app.goo.gl\/Wd2Hd59z73hy46MUA\">4 D\u00e9cembre 2021 : Rando du T\u00e9l\u00e9thon \u2013 Sentier du Littoral \u2013 Le Lavandou<\/a><\/em><\/h2>\n<h2><em><a href=\"https:\/\/photos.app.goo.gl\/MBbUeQkAxUvZrmxH8\">5 Novembre 2021 : Concours d\u2019\u00c9pouvantails\u00a0\u2013 Le Lavandou<\/a><\/em><\/h2>\n<h2><img decoding=\"async\" loading=\"lazy\" class=\"\" src=\"http:\/\/dplb-rando.fr\/wp-content\/uploads\/2022\/08\/Epouventail_44-1024x768.jpg\" width=\"93\" height=\"70\" \/>\u00a0 \u00a0<span style=\"color: #ff9900;\"><em>Voir Album Photos<\/em><\/span><\/h2>\n<h2><em><a href=\"https:\/\/photos.app.goo.gl\/mZ7NhLBnQYzAdaNA6\">8 mars 2021 : Reportage de TF1 sur le Lavandou<\/a><\/em><\/h2>\n<h2><img decoding=\"async\" loading=\"lazy\" class=\"\" src=\"http:\/\/dplb-rando.fr\/wp-content\/uploads\/2022\/08\/Tf1_22-2-1024x816.jpg\" width=\"88\" height=\"70\" \/>\u00a0 \u00a0<span style=\"color: #ff9900;\"><em>Voir Album Photos<\/em><\/span><\/h2>\n<h2><em>4 d\u00e9cembre 2015 : le T\u00e9l\u00e9thon au Lavandou<\/em><br \/>\n<a href=\"http:\/\/dplb-rando.fr\/wp-content\/uploads\/2016\/07\/1-PHOTOS_DU_TELETHON_2015_002.jpg\"><img decoding=\"async\" loading=\"lazy\" class=\"alignnone  wp-image-1645\" src=\"http:\/\/dplb-rando.fr\/wp-content\/uploads\/2016\/07\/1-PHOTOS_DU_TELETHON_2015_002-225x300.jpg\" alt=\"1-PHOTOS_DU_TELETHON_2015_002\" width=\"75\" height=\"100\" srcset=\"https:\/\/dplb-rando.fr\/wp-content\/uploads\/2016\/07\/1-PHOTOS_DU_TELETHON_2015_002-225x300.jpg 225w, https:\/\/dplb-rando.fr\/wp-content\/uploads\/2016\/07\/1-PHOTOS_DU_TELETHON_2015_002-768x1024.jpg 768w, https:\/\/dplb-rando.fr\/wp-content\/uploads\/2016\/07\/1-PHOTOS_DU_TELETHON_2015_002-113x150.jpg 113w, https:\/\/dplb-rando.fr\/wp-content\/uploads\/2016\/07\/1-PHOTOS_DU_TELETHON_2015_002.jpg 1536w\" sizes=\"(max-width: 75px) 100vw, 75px\" \/><\/a><a href=\"http:\/\/dplb-rando.fr\/wp-content\/uploads\/2016\/06\/T\u00e9l\u00e9thon-2016-04-12-16-Flyer.jpg\"><img decoding=\"async\" loading=\"lazy\" class=\"alignnone  wp-image-940\" src=\"http:\/\/dplb-rando.fr\/wp-content\/uploads\/2016\/06\/T\u00e9l\u00e9thon-2016-04-12-16-Flyer-212x300.jpg\" alt=\"T\u00e9l\u00e9thon 2016 - 04-12-16 - Flyer\" width=\"71\" height=\"100\" srcset=\"https:\/\/dplb-rando.fr\/wp-content\/uploads\/2016\/06\/T\u00e9l\u00e9thon-2016-04-12-16-Flyer-212x300.jpg 212w, https:\/\/dplb-rando.fr\/wp-content\/uploads\/2016\/06\/T\u00e9l\u00e9thon-2016-04-12-16-Flyer.jpg 724w, https:\/\/dplb-rando.fr\/wp-content\/uploads\/2016\/06\/T\u00e9l\u00e9thon-2016-04-12-16-Flyer-106x150.jpg 106w\" sizes=\"(max-width: 71px) 100vw, 71px\" \/><\/a><a href=\"http:\/\/dplb-rando.fr\/wp-content\/uploads\/2016\/07\/H\u00e9cos...Randos-t\u00e9l\u00e9thon-2015-1.pdf\"><img decoding=\"async\" loading=\"lazy\" class=\"alignnone  wp-image-1467\" src=\"http:\/\/dplb-rando.fr\/wp-content\/uploads\/2016\/07\/H\u00e9cos...Randos-t\u00e9l\u00e9thon-2015-212x300.jpg\" alt=\"H\u00e9cos...Randos t\u00e9l\u00e9thon 2015\" width=\"71\" height=\"100\" srcset=\"https:\/\/dplb-rando.fr\/wp-content\/uploads\/2016\/07\/H\u00e9cos...Randos-t\u00e9l\u00e9thon-2015-212x300.jpg 212w, https:\/\/dplb-rando.fr\/wp-content\/uploads\/2016\/07\/H\u00e9cos...Randos-t\u00e9l\u00e9thon-2015-724x1024.jpg 724w, https:\/\/dplb-rando.fr\/wp-content\/uploads\/2016\/07\/H\u00e9cos...Randos-t\u00e9l\u00e9thon-2015-106x150.jpg 106w, https:\/\/dplb-rando.fr\/wp-content\/uploads\/2016\/07\/H\u00e9cos...Randos-t\u00e9l\u00e9thon-2015.jpg 1654w\" sizes=\"(max-width: 71px) 100vw, 71px\" \/><br \/>\n<\/a><\/h2>\n<h2><em><a href=\"http:\/\/dplb-rando.fr\/wp-content\/uploads\/2016\/07\/PYRAMIDE-DE-CHAUSSURES-Courriel.pdf\">26 septembre 2015 : la Pyramide des Chaussures \u00e0 Bormes Village<\/a><\/em><\/h2>\n","protected":false},"excerpt":{"rendered":"<p>Vous trouverez sous cet \u201cOnglet\u201d divers instants de la vie de notre association que ce soit au profit de nos villes partenaires (Concours, etc..) ou au profit d&#8217;autres Associations (T\u00e9l\u00e9thon, etc..).\u00a0 30 Novembre 2024 : T\u00e9l\u00e9thon &#8211; Bormes les Mimosas \u00a0 Outre la tenue d&#8217;un stand, la DPLB a organis\u00e9\u2026<\/p>\n<p> <a class=\"continue-reading-link\" href=\"https:\/\/dplb-rando.fr\/index.php\/manifestations-associatives\/\"><span>Continue reading<\/span><i class=\"icon-right-dir\"><\/i><\/a><\/p>\n","protected":false},"author":1,"featured_media":0,"parent":0,"menu_order":0,"comment_status":"closed","ping_status":"closed","template":"","meta":[],"_links":{"self":[{"href":"https:\/\/dplb-rando.fr\/index.php\/wp-json\/wp\/v2\/pages\/163"}],"collection":[{"href":"https:\/\/dplb-rando.fr\/index.php\/wp-json\/wp\/v2\/pages"}],"about":[{"href":"https:\/\/dplb-rando.fr\/index.php\/wp-json\/wp\/v2\/types\/page"}],"author":[{"embeddable":true,"href":"https:\/\/dplb-rando.fr\/index.php\/wp-json\/wp\/v2\/users\/1"}],"replies":[{"embeddable":true,"href":"https:\/\/dplb-rando.fr\/index.php\/wp-json\/wp\/v2\/comments?post=163"}],"version-history":[{"count":59,"href":"https:\/\/dplb-rando.fr\/index.php\/wp-json\/wp\/v2\/pages\/163\/revisions"}],"predecessor-version":[{"id":8408,"href":"https:\/\/dplb-rando.fr\/index.php\/wp-json\/wp\/v2\/pages\/163\/revisions\/8408"}],"wp:attachment":[{"href":"https:\/\/dplb-rando.fr\/index.php\/wp-json\/wp\/v2\/media?parent=163"}],"curies":[{"name":"wp","href":"https:\/\/api.w.org\/{rel}","templated":true}]}}