{"id":1234,"date":"2016-07-01T20:54:36","date_gmt":"2016-07-01T19:54:36","guid":{"rendered":"http:\/\/dplb-rando.fr\/?page_id=1234"},"modified":"2026-04-04T14:02:55","modified_gmt":"2026-04-04T13:02:55","slug":"programme-en-cours","status":"publish","type":"page","link":"https:\/\/dplb-rando.fr\/index.php\/programme-en-cours\/","title":{"rendered":"Programme en cours"},"content":{"rendered":"<h2 style=\"text-align: center;\"><strong><span style=\"color: #ff0000;\"><em>Rappel<\/em>\u00a0<\/span>: La conduite de chacune de nos sorties s\u2019effectue sous l\u2019enti\u00e8re responsabilit\u00e9 et autorit\u00e9 de nos animateur(trice)s <span style=\"color: #3366ff;\"><em>b\u00e9n\u00e9voles<\/em><\/span><\/strong>, habilit\u00e9(e)s \u00e0 refuser la participation d&#8217;un(e) adh\u00e9rent(e) qu&#8217;il(elle)s jugeraient inapte \u00e0 suivre la randonn\u00e9e pr\u00e9vue. <strong>La DPLB vous remercie par avance de respecter leurs consignes.<\/strong><\/h2>\n<h2 style=\"text-align: center;\"><span style=\"color: #ff0000;\">Information<\/span> : Outre vos licence de la FFRandonn\u00e9e, carte vitale, carte mutuelle, et pi\u00e8ce d&#8217;identit\u00e9, la DPLB vous conseille d&#8217;avoir sur vous une lettre de d\u00e9charge ainsi que la fiche de sant\u00e9 disponible sur le site.<\/h2>\n<h2 style=\"text-align: center;\"><em><span style=\"color: #ff0000;\">Covoiturage<\/span><\/em> : Le montant inscrit, calcul\u00e9 sur la base de 4 personnes par v\u00e9hicule, est individuel et maximal (hors frais de p\u00e9age ou de parking \u00e9ventuel). Les chauffeurs restent libre d&#8217;en r\u00e9duire le montant, voir de l&#8217;annuler.\u00a0<\/h2>\n<p style=\"text-align: center;\">\u00a0Cliquer sur les lignes ci-dessous pour acc\u00e9der aux programmes. <em><span style=\"color: #ff9900;\">Attention<\/span><\/em> : les indications en <em><span style=\"color: #ff0000;\">rouge<\/span><\/em> indiquent des caract\u00e9ristiques <em><span style=\"color: #ff0000;\">inhabituelles!<\/span><\/em><\/p>\n<h2><strong><span style=\"color: #993300;\"><em>Saison 2025 2026<\/em><\/span><\/strong><\/h2>\n<h2><span style=\"color: #339966;\"><a href=\"http:\/\/dplb-rando.fr\/wp-content\/uploads\/2026\/04\/Programme-Mars-Avril-2026-v5.pdf\">Programme Mars Avril 2026<\/a> (Modif. \u00e0 venir) <a href=\"http:\/\/dplb-rando.fr\/wp-content\/uploads\/2026\/04\/Programme-Mars-Avril-2026-v5.jpeg\"><span style=\"color: #ff0000;\">Version Photo<\/span><\/a> &lt;ici<\/span><\/h2>\n<h2><a href=\"http:\/\/dplb-rando.fr\/wp-content\/uploads\/2026\/02\/Programme-Janvier-Fevrier-2026-v6.pdf\"><span style=\"color: #ff9900;\">Programme Janvier F\u00e9vrier 2026<\/span><\/a> <span style=\"color: #339966;\">(Termin\u00e9)<\/span> <a href=\"http:\/\/dplb-rando.fr\/wp-content\/uploads\/2026\/02\/Programme-Janvier-Fevrier-2026-v6.jpeg\"><span style=\"color: #ff0000;\">Version Photo<\/span><\/a>\u00a0<span style=\"color: #339966;\">&lt;ici<\/span><\/h2>\n<h2><a href=\"http:\/\/dplb-rando.fr\/wp-content\/uploads\/2025\/12\/Programme-Novembre-Decembre-2025-v6.pdf\"><span style=\"color: #00ccff;\">Programme Novembre D\u00e9cembre 2025<\/span><\/a>\u00a0<span style=\"color: #339966;\">(Termin\u00e9)<\/span> <a href=\"http:\/\/dplb-rando.fr\/wp-content\/uploads\/2025\/12\/Programme-Novembre-Decembre-2025-v6.jpeg\"><span style=\"color: #ff0000;\">Version Photo<\/span><\/a>\u00a0<span style=\"color: #339966;\">&lt; ici<\/span><\/h2>\n<h2><span style=\"color: #ff9900;\"><a href=\"http:\/\/dplb-rando.fr\/wp-content\/uploads\/2025\/09\/Programme-Septembre-Octobre-2025-v4.pdf\"><span style=\"color: #ffcc00;\">Programme Septembre Octobre 2025<\/span><\/a>\u00a0<span style=\"color: #339966;\">(Termin\u00e9) <span style=\"color: #ff0000;\"><a style=\"color: #ff0000;\" href=\"http:\/\/dplb-rando.fr\/wp-content\/uploads\/2025\/09\/Programme-Septembre-Octobre-2025-v4.jpeg\">Version Photo<\/a> <\/span>&lt; ici<\/span>\u00a0<\/span><\/h2>\n<h2 style=\"text-align: left;\"><span style=\"color: #993300;\"><em><strong>Saison 2024 2025<\/strong><\/em><\/span><\/h2>\n<h2><span style=\"color: #ff9900;\"><span style=\"color: #99cc00;\"><a href=\"http:\/\/dplb-rando.fr\/wp-content\/uploads\/2025\/05\/Programme-Mai-Juin-2025-v9.pdf\"><span style=\"color: #99cc00;\">Programme Mai Juin 2025<\/span><\/a>\u00a0<\/span><span style=\"color: #99cc00;\">(<\/span><span style=\"color: #000000;\"><span style=\"color: #339966;\">Termin\u00e9)<\/span><\/span><\/span><span style=\"color: #ff9900;\"><span style=\"color: #000000;\"><span style=\"color: #339966;\"><span style=\"color: #000000;\">\u00a0<span style=\"color: #ff0000;\"><a href=\"http:\/\/dplb-rando.fr\/wp-content\/uploads\/2025\/09\/Programme-Septembre-Octobre-2025-v3.jpeg\"><span style=\"color: #ff0000;\">Version Photo<\/span><\/a>\u00a0<span style=\"color: #339966;\">&lt;ici<\/span><\/span><\/span><\/span><\/span><\/span><\/h2>\n<h2><span style=\"color: #ff00ff;\"><span style=\"color: #ff00ff;\"><a style=\"color: #ff00ff;\" href=\"http:\/\/dplb-rando.fr\/wp-content\/uploads\/2025\/04\/Programme-Mars-Avril-2025-v3.pdf\">Programme Mars Avril 2025<\/a><\/span> <\/span><span style=\"color: #339966;\">(Termin\u00e9) <\/span><span style=\"color: #ff0000;\"><a style=\"color: #ff0000;\" href=\"http:\/\/dplb-rando.fr\/wp-content\/uploads\/2025\/04\/Programme-Mars-Avril-2025-v3.jpeg\">Version Photo<\/a><\/span>\u00a0&lt;<span style=\"color: #339966;\">ici<\/span><\/h2>\n<h2><a href=\"http:\/\/dplb-rando.fr\/wp-content\/uploads\/2025\/02\/Programme-Janvier-Fevrier-2025-v8.pdf\"><span style=\"color: #ff9900;\">Programme Janvier F\u00e9vrier 2025<\/span><\/a> <span style=\"color: #339966;\">(Termin\u00e9)<\/span> <a href=\"http:\/\/dplb-rando.fr\/wp-content\/uploads\/2025\/02\/Programme-Janvier-Fevrier-2025-v8.jpeg\"><span style=\"color: #ff0000;\">Version Photo<\/span><\/a> &lt;<span style=\"color: #339966;\">ici<\/span><\/h2>\n<h2><a href=\"http:\/\/dplb-rando.fr\/wp-content\/uploads\/2024\/12\/Programme-Novembre-Decembre-2024-v5.pdf\"><span style=\"color: #808000;\">Programme Novembre D\u00e9cembre 2024<\/span><\/a> <span style=\"color: #339966;\">(Termin\u00e9)<\/span>\u00a0<a href=\"http:\/\/dplb-rando.fr\/wp-content\/uploads\/2024\/12\/Programme-Novembre-Decembre-2024-v5.jpeg\"><span style=\"color: #ff0000;\">Version Photo<\/span><\/a> &lt;<span style=\"color: #339966;\">ici<\/span><\/h2>\n<h2><a href=\"http:\/\/dplb-rando.fr\/wp-content\/uploads\/2024\/10\/Programme-Septembre-Octobre-2024-v8.pdf\"><span style=\"color: #3366ff;\">Pr<\/span><span style=\"color: #3366ff;\">ogramme Septembre Octobre 2024<\/span><\/a> <span style=\"color: #339966;\">(Termin\u00e9) <span style=\"color: #ff0000;\">Version Photo<\/span>\u00a0&gt;<a href=\"http:\/\/dplb-rando.fr\/wp-content\/uploads\/2024\/10\/Programme-Septembre-Octobre-2024-v8.jpeg\"><span style=\"color: #ff6600;\">ici<\/span><\/a><\/span><\/h2>\n<h2><strong><span style=\"color: #993300;\"><em>Saison 2023 2024<\/em><\/span><\/strong><\/h2>\n<h2><a href=\"http:\/\/dplb-rando.fr\/wp-content\/uploads\/2024\/05\/Programme-MAI-JUIN-2024-v4.pdf\"><span style=\"color: #ff6600;\">Programme Mai Juin 2024<\/span><\/a> <span style=\"color: #339966;\">(Termin\u00e9)<\/span> <a href=\"http:\/\/dplb-rando.fr\/wp-content\/uploads\/2024\/05\/Programme-MAI-JUIN-v4.jpg\"><span style=\"color: #ff0000;\">Version Photo<\/span><\/a> &lt;<span style=\"color: #ff6600;\">ici<\/span><\/h2>\n<h2><a href=\"http:\/\/dplb-rando.fr\/wp-content\/uploads\/2024\/04\/Programme-MARS-AVRIL-2024-v6.pdf\"><span style=\"color: #0000ff;\">Programme Mars Avril 2024<\/span><\/a> <span style=\"color: #339966;\">(Termin\u00e9)<\/span> <a href=\"http:\/\/dplb-rando.fr\/wp-content\/uploads\/2024\/04\/Programme-MARS-AVRIL-2024-v6.jpg\"><span style=\"color: #ff0000;\"><span style=\"color: #ff0000;\">Version Photo<\/span><\/span><\/a> <span style=\"color: #0000ff;\">&lt;ici<\/span><\/h2>\n<h2><a href=\"http:\/\/dplb-rando.fr\/wp-content\/uploads\/2024\/02\/Programme-JANVIER-FEVRIER-2024-v12.pdf\"><span style=\"color: #ff0000;\"><span style=\"color: #993300;\">Programme Janvier F\u00e9vrier 202<\/span><\/span><span style=\"color: #ff0000;\"><span style=\"color: #993300;\">4<\/span><\/span><\/a> <span style=\"color: #339966;\">(Termin\u00e9<\/span><span style=\"color: #339966;\">) <span style=\"color: #ff0000;\"><a style=\"color: #ff0000;\" href=\"http:\/\/dplb-rando.fr\/wp-content\/uploads\/2024\/02\/Programme-JANVIER-FEVRIER-2024-v12.jpg\">Version Photo<\/a> <span style=\"color: #993300;\">&lt;ici<\/span><\/span><\/span><\/h2>\n<h2><a href=\"http:\/\/dplb-rando.fr\/wp-content\/uploads\/2023\/12\/Programme-NOVEMBRE-DECEMBRE-2023-v12.pdf\"><strong><span style=\"color: #ff9900;\">Programme Novembre D\u00e9cembre 2023<\/span><\/strong><\/a> <span style=\"color: #339966;\">(Termin\u00e9<\/span><span style=\"color: #339966;\">)<\/span><\/h2>\n<h2><a href=\"http:\/\/dplb-rando.fr\/wp-content\/uploads\/2023\/10\/Programme-SEPTEMBRE-OCTOBRE-2023-v8.pdf\"><span style=\"color: #0000ff;\"><strong>Programme Septembre Octobre 2023<\/strong><\/span><\/a> <span style=\"color: #339966;\">(Termin\u00e9)<\/span><\/h2>\n<h2><strong><span style=\"color: #800000;\"><em>Saison 2022 2023<\/em><\/span><\/strong><\/h2>\n<h2><a href=\"http:\/\/dplb-rando.fr\/wp-content\/uploads\/2023\/06\/Programme-MAI-JUIN-2023-v11.pdf\"><span style=\"color: #ff0000;\">Programme Mai Juin 2023<\/span><\/a> <span style=\"color: #339966;\">(Termin\u00e9)<\/span><\/h2>\n<h2><a href=\"http:\/\/dplb-rando.fr\/wp-content\/uploads\/2023\/04\/Programme-MARS-AVRIL-2023-v9.pdf\"><span style=\"color: #008000;\">Programme Mars Avril 2023<\/span><\/a> <span style=\"color: #339966;\">(Termin\u00e9)<\/span><\/h2>\n<h2><span style=\"color: #ff0000;\"><a href=\"http:\/\/dplb-rando.fr\/wp-content\/uploads\/2023\/01\/Programme-JANVIER-FEVRIER-2023-v3.pdf\">Programme Janvier F\u00e9vrier 2023 <\/a><span style=\"color: #339966;\">(Termin\u00e9)\u00a0<\/span><\/span><\/h2>\n<h2><a href=\"http:\/\/dplb-rando.fr\/wp-content\/uploads\/2022\/12\/PROGRAMME-NOV-DEC-2022-V5.pdf\"><span style=\"color: #3366ff;\">Programme Novembre D\u00e9cembre 2022<\/span><\/a> <span style=\"color: #339966;\">(Termin\u00e9)<\/span><\/h2>\n<h2><span style=\"color: #99cc00;\"><a href=\"http:\/\/dplb-rando.fr\/wp-content\/uploads\/2022\/10\/Programme-SEPTEMBRE-OCTOBRE-2022-v6.pdf\"><span style=\"color: #ff9900;\"><strong>Programme Septembre Octobre 202<\/strong><\/span><span style=\"color: #ff9900;\"><strong>2<\/strong><\/span><\/a> <span style=\"color: #339966;\">(Termin\u00e9<\/span><\/span><span style=\"color: #99cc00;\"><span style=\"color: #339966;\">)<\/span><\/span><\/h2>\n<h2><strong><span style=\"color: #800000;\"><em>Saison 2021 2022<\/em><\/span><\/strong><\/h2>\n<h2><span style=\"color: #99cc00;\"><a href=\"http:\/\/dplb-rando.fr\/wp-content\/uploads\/2022\/06\/Programme-MAI-JUIN-2022-v8.pdf\"><span style=\"color: #ff0000;\"><strong>Programme Mai Juin 202<\/strong><\/span><span style=\"color: #ff0000;\"><strong>2<\/strong><\/span><\/a> <span style=\"color: #339966;\">(Termin\u00e9<\/span><\/span><span style=\"color: #99cc00;\"><span style=\"color: #339966;\">)<\/span><\/span><\/h2>\n<h2><span style=\"color: #99cc00;\"><a href=\"http:\/\/dplb-rando.fr\/wp-content\/uploads\/2022\/04\/Programme-MARS-AVRIL-2022-v7.pdf\"><span style=\"color: #993300;\"><strong>Programme Mars Avril 2022<\/strong><\/span><\/a> <span style=\"color: #339966;\">(Termin\u00e9<\/span><\/span><span style=\"color: #99cc00;\"><span style=\"color: #339966;\">)<\/span><\/span><\/h2>\n<h2><span style=\"color: #0000ff;\"><a style=\"color: #0000ff;\" href=\"http:\/\/dplb-rando.fr\/wp-content\/uploads\/2022\/02\/Programme-JANVIER-FEVRIER-2022-v7.pdf\"><strong>Programme Janvier F\u00e9vrier 2022<\/strong><\/a><\/span>\u00a0<span style=\"color: #339966;\">(Termin\u00e9)<\/span><\/h2>\n<h2><span style=\"color: #99cc00;\"><a href=\"http:\/\/dplb-rando.fr\/wp-content\/uploads\/2021\/11\/Programme-NOVEMBRE-DECEMBRE-2021-Modifie-v10.pdf\"><strong><span style=\"color: #ff0000;\">Programme Novembre D\u00e9cembre 2021<\/span><\/strong><\/a> <span style=\"color: #339966;\">(Termin\u00e9)<\/span><\/span><\/h2>\n<h2><span style=\"color: #99cc00;\"><span style=\"color: #993300;\"><a style=\"color: #993300;\" href=\"http:\/\/dplb-rando.fr\/wp-content\/uploads\/2021\/10\/Programme-SEPTEMBRE-OCTOBRE-2021-Modifie-v10.pdf\"><strong>Programme Septembre Octobre 2021<\/strong><\/a> <\/span><span style=\"color: #339966;\">(Termin\u00e9)<\/span><\/span><\/h2>\n<h2>\u00a0<\/h2>\n<hr \/>\n<h3>\u00a0<\/h3>\n<h3>\u00a0<\/h3>\n<p>\u00a0<\/p>\n\n\n<p><\/p>\n","protected":false},"excerpt":{"rendered":"<p>Rappel\u00a0: La conduite de chacune de nos sorties s\u2019effectue sous l\u2019enti\u00e8re responsabilit\u00e9 et autorit\u00e9 de nos animateur(trice)s b\u00e9n\u00e9voles, habilit\u00e9(e)s \u00e0 refuser la participation d&#8217;un(e) adh\u00e9rent(e) qu&#8217;il(elle)s jugeraient inapte \u00e0 suivre la randonn\u00e9e pr\u00e9vue. La DPLB vous remercie par avance de respecter leurs consignes. Information : Outre vos licence de la\u2026<\/p>\n<p> <a class=\"continue-reading-link\" href=\"https:\/\/dplb-rando.fr\/index.php\/programme-en-cours\/\"><span>Continue reading<\/span><i class=\"icon-right-dir\"><\/i><\/a><\/p>\n","protected":false},"author":1,"featured_media":0,"parent":0,"menu_order":0,"comment_status":"closed","ping_status":"closed","template":"","meta":[],"_links":{"self":[{"href":"https:\/\/dplb-rando.fr\/index.php\/wp-json\/wp\/v2\/pages\/1234"}],"collection":[{"href":"https:\/\/dplb-rando.fr\/index.php\/wp-json\/wp\/v2\/pages"}],"about":[{"href":"https:\/\/dplb-rando.fr\/index.php\/wp-json\/wp\/v2\/types\/page"}],"author":[{"embeddable":true,"href":"https:\/\/dplb-rando.fr\/index.php\/wp-json\/wp\/v2\/users\/1"}],"replies":[{"embeddable":true,"href":"https:\/\/dplb-rando.fr\/index.php\/wp-json\/wp\/v2\/comments?post=1234"}],"version-history":[{"count":445,"href":"https:\/\/dplb-rando.fr\/index.php\/wp-json\/wp\/v2\/pages\/1234\/revisions"}],"predecessor-version":[{"id":9746,"href":"https:\/\/dplb-rando.fr\/index.php\/wp-json\/wp\/v2\/pages\/1234\/revisions\/9746"}],"wp:attachment":[{"href":"https:\/\/dplb-rando.fr\/index.php\/wp-json\/wp\/v2\/media?parent=1234"}],"curies":[{"name":"wp","href":"https:\/\/api.w.org\/{rel}","templated":true}]}}